-s - 30. What are the prime factors of l?
11
Suppose 778 = -4*l + 2310. List the prime factors of l.
383
Suppose 3*x - 15 = -3, 2*t + 3*x = 78. What are the prime factors of t?
3, 11
Suppose 37 = -3*p + 10. Suppose -3*c = 2*c + 5. Let s = c - p. What are the prime factors of s?
2
Suppose 201 = 4*o + 5*q, 0 = -5*o + q + q + 243. List the prime factors of o.
7
Let w(h) = 55*h**2 - h + 6. What are the prime factors of w(2)?
2, 7
Suppose 0 = 3*h - x - 10 - 33, 2*h - 23 = -5*x. Suppose -2*t + h + 0 = 0. What are the prime factors of t?
7
Let z be (-58)/5 - 4/10. Let l = 2 - z. What are the prime factors of l?
2, 7
Let n = -1 + -1. Let l be (-18)/(-5) + n/(-5). List the prime factors of l/6*3/1.
2
Suppose 0 = 2*a - 0*a - 6. Suppose j - a = -1. Suppose j*c - 3*c + 4 = 0. List the prime factors of c.
2
Let a = -47 - -90. What are the prime factors of a?
43
Let x(l) = 8*l**2 + 13*l - 9. What are the prime factors of x(-6)?
3, 67
Suppose -5*z + 54 = -3*z - 4*p, -p - 69 = -2*z. What are the prime factors of z?
37
Let s(g) = g**2 - 9*g + 13. Let z(h) = -2*h - 3. Let r be z(-6). List the prime factors of s(r).
13
Let d = 8 - 5. Suppose 2*k - 3*q = q + 48, 3*k - d*q = 57. List the prime factors of k.
2, 7
Let k(f) = f + 11. Let o be k(-11). Suppose -3*j + 24 = -o*j. List the prime factors of j.
2
What are the prime factors of (1 + -4)/(-2 + (-183)/(-96))?
2
Let y = 67 - 40. Let z = -11 + y. List the prime factors of z.
2
Suppose -g + 4*s = -6, -5*s + 7 = 5*g - 2*s. Suppose c - g*c = -43. What are the prime factors of c?
43
Let v(o) = 13*o + 7. Let g(w) = 7*w + 4. Let j(n) = -11*g(n) + 6*v(n). Let a be j(5). Suppose a*t - 2*t - 15 = 0. List the prime factors of t.
3, 5
Let s = 11 + 23. List the prime factors of s.
2, 17
Let a(y) = -9*y. Let c = -3 - -2. Let q = -2 - c. List the prime factors of a(q).
3
Suppose -3*z + 123 = 6*h - 4*h, 5*z = -5*h + 315. List the prime factors of h.
2, 3, 11
Suppose 2*u - 20 = -2*u, 2*u = -3*h + 496. What are the prime factors of h?
2, 3
Suppose -3*l - 18 = -147. List the prime factors of l.
43
Let p(l) = -3*l**2 - 11*l + 12. Let t(v) = v**2 + v - 1. Let h be ((-1)/(-2))/((-5)/(-10)). Let b(o) = h*p(o) + 4*t(o). What are the prime factors of b(7)?
2
Suppose 5 = -5*d - 3*t, 5*d - t + 30 = t. What are the prime factors of -1*(1*d - -1)?
3
Let v = -123 + 257. List the prime factors of v.
2, 67
Suppose 0 = -w + u + 133, 168 = 2*w - 4*u - 100. List the prime factors of w.
2, 3, 11
Let d(q) = -q**3 - 3*q**2 + 5*q + 2. Let m be d(-4). Suppose 0*x + 2*x + 3 = -5*h, -3*x + 24 = -2*h. List the prime factors of -23*3*m/x.
23
Let f = 24 + -16. Let y(l) be the first derivative of l**4/4 - 7*l**3/3 - 7*l**2/2 + 11*l - 1. List the prime factors of y(f).
19
Suppose 3*o + o = 288. List the prime factors of o.
2, 3
Let q(a) = -a**3 + 9*a**2 - 4*a + 12. Let w be q(8). What are the prime factors of (w/(-10))/((-10)/25)?
11
Suppose s = -2*g + 2*s + 6, 9 = 3*g + 2*s. Suppose -3*f = -0*f - 2*w - 8, -g*f + 2 = 4*w. Let o(b) = b**3 + b**2 - 3*b + 1. List the prime factors of o(f).
7
Let v = -369 + 573. List the prime factors of v.
2, 3, 17
Let x = -138 - -68. List the prime factors of x/(-6) - 1/(-3).
2, 3
Suppose 4*m = -2*y - 96, -m = 4*y + 2*m + 197. List the prime factors of ((-6)/(-5))/((-4)/y).
3, 5
Suppose 0 = -2*f - 3*z + 325, -f - f + 4*z = -290. List the prime factors of f.
5, 31
Let t = 2 + 3. Suppose 0*n - 4*n + 3*x = -89, -2*n + 55 = -t*x. List the prime factors of n.
2, 5
Suppose -3*s + 2*u = -12, 4*s - u - 9 = s. Let a(w) = -w**3 + 4*w**2 - 2*w + 3. What are the prime factors of a(s)?
7
Suppose -5*j = -5*w - 745, -769 = -4*j + 3*w - 172. List the prime factors of j/9 + 6/(-9).
2
Let f = -8 - -15. Let p = f + -4. Suppose -p = -5*s + 7. What are the prime factors of s?
2
Let r(n) = -128*n**2 + 96*n. Let h(y) = -y**2 + y. Let k(s) = 96*h(s) - r(s). List the prime factors of k(-1).
2
Let l(z) = z**3 + 6*z**2 + 5*z + 3. Let c be l(-3). Suppose -c = -3*t - 2*t. Suppose -n - 7 = -0*n - 3*r, -3*n - t*r = -27. List the prime factors of n.
5
Suppose v = -0*c - 4*c - 18, 21 = 3*v - 3*c. Suppose -u = v*u, -45 = -5*d + 3*u. What are the prime factors of d?
3
List the prime factors of 4/12 + (-1545)/(-9).
2, 43
Suppose 0 = 5*x + 3*r - 23, 1 - 37 = -4*x + 2*r. Let q(p) = 10 + 3*p - 3*p**3 + 0*p**2 + 3*p + 2*p**3 + 6*p**2. What are the prime factors of q(x)?
3
Let w = 23 - 20. Let p = 105 + -62. Suppose -d - w*c = 2*c - 31, 0 = -5*d + 3*c + p. What are the prime factors of d?
11
Suppose 10*p - 24*p + 3822 = 0. What are the prime factors of p?
3, 7, 13
Let p(c) = -c**2 - 5*c. Let o be p(-4). Suppose 2*v + o = 0, -4*d = v - 18 + 4. Suppose d*h - 30 = h. What are the prime factors of h?
2, 5
Let b(h) = -2*h**3 - 21*h**2 + 11*h - 17. Let x(r) = -3*r**3 - 31*r**2 + 16*r - 25. Let m(g) = 7*b(g) - 5*x(g). List the prime factors of m(-8).
2, 3, 5
Let r(m) = -8*m - 67. What are the prime factors of r(-15)?
53
Suppose -x + 43 = -16. What are the prime factors of x?
59
Let x(d) = -6*d - 20. What are the prime factors of x(-8)?
2, 7
Let c(i) = i**2 - i + 29. Let p be c(0). Let g = -84 - -120. Suppose g = 5*y - p. What are the prime factors of y?
13
Suppose 11*h = -0*h + 132. What are the prime factors of h?
2, 3
Let t be 85 + 1 + (3 - 4). Suppose -8*y + 3*y = -t. Suppose -3*o + 4 + y = 0. List the prime factors of o.
7
What are the prime factors of (22 + -24)*93/(-2)?
3, 31
Suppose -y - 18 = -4*y. Let n(g) = g**2 - g + 3. List the prime factors of n(y).
3, 11
Suppose 0 = -0*l + 5*l. Suppose f + 5*t - 28 = 0, 0 = 4*t - 20 - l. List the prime factors of f.
3
Suppose 5*g = -0 - 10, 2*x - 3*g = 68. List the prime factors of x.
31
Let a(w) = 4*w**2 - w - 35. List the prime factors of a(7).
2, 7, 11
Let n = 523 - 360. List the prime factors of n.
163
Let h(b) = 2*b**3 + 26*b**2 + 9*b - 8. What are the prime factors of h(-12)?
2, 43
Suppose 5*m - 14 = 2*m - 2*h, -m = -4*h. Suppose -q - m*t - 12 = 0, -q - 4*q = 5*t. Suppose -3*b + q*b = 15. What are the prime factors of b?
3, 5
Suppose 278*x - 813 = 275*x. List the prime factors of x.
271
Let o(k) = 4*k + 1. Let t be o(1). Suppose -t*l - 4*j = -0*j - 140, -2*l + 56 = -4*j. What are the prime factors of l?
2, 7
Let r(f) = -f**3 - 3*f**2 - 2*f + 2. Let w be r(-2). Suppose 4*k - w*k - 8 = 0. What are the prime factors of (-1 + k)/((-3)/(-5))?
5
Let w = 10 - 3. Let p = 18 - w. What are the prime factors of p?
11
List the prime factors of ((-1224)/54)/((-2)/15).
2, 5, 17
Suppose -a - 1 = 0, -2*m + 2*a = -297 - 71. List the prime factors of m.
3, 61
Let z = -114 - -203. List the prime factors of z.
89
Let n = -3 + 3. Suppose n*i + 3*i = 0. Suppose 3*r = -3*f - 13 + 55, i = 2*r - 4. List the prime factors of f.
2, 3
Let s = 5 - 2. Let l = 1 + s. What are the prime factors of l?
2
Suppose -4*z = 2*p + 3*p - 645, -5*p - 5*z = -645. What are the prime factors of p?
3, 43
Suppose -4*y + 8 = 2*x, y + 3*y + 4*x = 8. Suppose y*k + 17 = -9. What are the prime factors of (0 + 1)/((-1)/k)?
13
Let l(s) be the third derivative of s**6/180 - s**4/12 - 3*s**2. Let a(c) be the second derivative of l(c). What are the prime factors of a(1)?
2
Suppose -4*h + h - 12 = 0. Let l be 0/(-2 - 0 - h). Suppose -2*b = -4*z - 36, -4*b - z + 3*z + 42 = l. List the prime factors of b.
2
Suppose -4*f = -f - 96. What are the prime factors of f?
2
Let b(i) = i**2 + i + 2. Let d be b(4). Suppose -2*t + 2*a = -d, a = 6*a - 15. What are the prime factors of t?
2, 7
Let q(x) be the first derivative of -x**4/4 + x**3 + 4*x - 3. Let d be q(3). List the prime factors of 2*d + 6/(-2).
5
Suppose 0 = -4*k + 3*y + 170, 3*k - 2*y = -0*y + 128. What are the prime factors of k?
2, 11
Suppose -4*m = m - 140. Suppose 5*u - m = 3*u. List the prime factors of u.
2, 7
Let w = -21 - -24. What are the prime factors of w?
3
Suppose -3*t - 2*t = -4*y - 40, -y - 5 = 0. Suppose t*r - 3*r + 12 = 0. What are the prime factors of (-9)/2*16/r?
2, 3
Suppose 5*h - h - 40 = 0. Suppose 0 = -3*n + 2*u + h, -6*n + 5*u = -2*n - 4. Suppose 0 = 3*f - 3 - n. List the prime factors of f.
3
Let a = -11 + -17. Let x = a - -48. List the prime factors of x.
2, 5
Suppose -d - 107 = -3*c, d - 5*d + 201 = 5*c. Suppose -c - 2 = -3*z. List the prime factors of z.
13
Suppose -5*o + 20 = 4*p, -4*p + o - 4 = 